{"id":45,"date":"2016-10-08T11:57:17","date_gmt":"2016-10-08T09:57:17","guid":{"rendered":"http:\/\/jeremiemalodj.com\/?page_id=45"},"modified":"2025-12-11T14:09:46","modified_gmt":"2025-12-11T13:09:46","slug":"musique","status":"publish","type":"page","link":"http:\/\/jeremiemalodj.com\/index.php\/musique\/","title":{"rendered":"ALBUMS"},"content":{"rendered":"<h4 style=\"text-align: center;\"><a href=\"https:\/\/jeremiemalodj.bandcamp.com\/album\/au-milieu-de-leau\" target=\"_blank\"><img loading=\"lazy\" decoding=\"async\" class=\"irc_mi alignleft\" src=\"https:\/\/thumbs.dreamstime.com\/t\/fermez-vous-sur-les-jambes-d-une-position-homme-fl%C3%A8che-jaune-dans-la-direction-vers-droite-concept-des-d%C3%A9cisions-vie-131202795.jpg\" alt=\"R\u00e9sultat de recherche d'images pour &quot;fl\u00e8che jaune direction vers la droite&quot;\" width=\"82\" height=\"54\" \/><\/a><a href=\"https:\/\/jeremiemalodj.bandcamp.com\/\" target=\"_blank\">TOUS NOS ALBUMS sont en t\u00e9l\u00e9chargement et \u00e9coute libre sur notre page BANDCAMP et sur les plateformes de streaming<\/a><\/h4>\n<hr \/>\n<h4 style=\"text-align: center;\"><span style=\"color: #993300;\"><img loading=\"lazy\" decoding=\"async\" class=\"irc_mi alignleft\" src=\"https:\/\/thumbs.dreamstime.com\/t\/fermez-vous-sur-les-jambes-d-une-position-homme-fl%C3%A8che-jaune-dans-la-direction-vers-droite-concept-des-d%C3%A9cisions-vie-131202795.jpg\" alt=\"R\u00e9sultat de recherche d'images pour &quot;fl\u00e8che jaune direction vers la droite&quot;\" width=\"82\" height=\"54\" \/>P<\/span><span style=\"color: #000000;\"><span style=\"color: #ff6600;\"><span style=\"color: #993300;\">our recevoir nos disques par courrier, envoyez nous un mail \u00e0: <\/span><\/span>jeremie.malodj@gmail.com<br \/>\n<\/span><\/h4>\n<p style=\"text-align: left;\">\n","protected":false},"excerpt":{"rendered":"<p>TOUS NOS ALBUMS sont en t\u00e9l\u00e9chargement et \u00e9coute libre sur notre page BANDCAMP et sur les plateformes de streaming Pour recevoir nos disques par courrier, envoyez nous un mail \u00e0: jeremie.malodj@gmail.com<\/p>\n","protected":false},"author":1,"featured_media":0,"parent":0,"menu_order":0,"comment_status":"closed","ping_status":"closed","template":"","meta":{"footnotes":""},"class_list":["post-45","page","type-page","status-publish","hentry"],"_links":{"self":[{"href":"http:\/\/jeremiemalodj.com\/index.php\/wp-json\/wp\/v2\/pages\/45","targetHints":{"allow":["GET"]}}],"collection":[{"href":"http:\/\/jeremiemalodj.com\/index.php\/wp-json\/wp\/v2\/pages"}],"about":[{"href":"http:\/\/jeremiemalodj.com\/index.php\/wp-json\/wp\/v2\/types\/page"}],"author":[{"embeddable":true,"href":"http:\/\/jeremiemalodj.com\/index.php\/wp-json\/wp\/v2\/users\/1"}],"replies":[{"embeddable":true,"href":"http:\/\/jeremiemalodj.com\/index.php\/wp-json\/wp\/v2\/comments?post=45"}],"version-history":[{"count":123,"href":"http:\/\/jeremiemalodj.com\/index.php\/wp-json\/wp\/v2\/pages\/45\/revisions"}],"predecessor-version":[{"id":4464,"href":"http:\/\/jeremiemalodj.com\/index.php\/wp-json\/wp\/v2\/pages\/45\/revisions\/4464"}],"wp:attachment":[{"href":"http:\/\/jeremiemalodj.com\/index.php\/wp-json\/wp\/v2\/media?parent=45"}],"curies":[{"name":"wp","href":"https:\/\/api.w.org\/{rel}","templated":true}]}}